 prime factors of 73357.
109, 673
List the prime factors of 64026.
2, 3, 3557
List the prime factors of 81480.
2, 3, 5, 7, 97
What are the prime factors of 139765?
5, 27953
What are the prime factors of 3160?
2, 5, 79
What are the prime factors of 156?
2, 3, 13
What are the prime factors of 720?
2, 3, 5
List the prime factors of 1997.
1997
What are the prime factors of 20897?
20897
List the prime factors of 3137.
3137
What are the prime factors of 47274?
2, 3, 7879
What are the prime factors of 1670?
2, 5, 167
What are the prime factors of 7366?
2, 29, 127
What are the prime factors of 410?
2, 5, 41
What are the prime factors of 442?
2, 13, 17
What are the prime factors of 171647?
7, 31, 113
What are the prime factors of 5697?
3, 211
List the prime factors of 20116.
2, 47, 107
What are the prime factors of 13004?
2, 3251
List the prime factors of 1078.
2, 7, 11
What are the prime factors of 7530?
2, 3, 5, 251
List the prime factors of 1580.
2, 5, 79
List the prime factors of 602.
2, 7, 43
List the prime factors of 892.
2, 223
List the prime factors of 551.
19, 29
List the prime factors of 26630.
2, 5, 2663
List the prime factors of 3889.
3889
List the prime factors of 866.
2, 433
What are the prime factors of 63003?
3, 21001
List the prime factors of 49804.
2, 12451
What are the prime factors of 11486?
2, 5743
What are the prime factors of 3043?
17, 179
List the prime factors of 33592.
2, 13, 17, 19
List the prime factors of 587.
587
List the prime factors of 638.
2, 11, 29
What are the prime factors of 29691?
3, 3299
What are the prime factors of 757?
757
List the prime factors of 1632.
2, 3, 17
List the prime factors of 6959.
6959
List the prime factors of 60841.
11, 5531
List the prime factors of 9542.
2, 13, 367
What are the prime factors of 16239?
3, 5413
What are the prime factors of 1419?
3, 11, 43
List the prime factors of 11877.
3, 37, 107
List the prime factors of 1214.
2, 607
What are the prime factors of 5491?
17, 19
What are the prime factors of 681?
3, 227
List the prime factors of 819.
3, 7, 13
List the prime factors of 7483.
7, 1069
List the prime factors of 209.
11, 19
List the prime factors of 41816.
2, 5227
List the prime factors of 668.
2, 167
List the prime factors of 17747.
17747
List the prime factors of 12850.
2, 5, 257
What are the prime factors of 3051?
3, 113
List the prime factors of 5430.
2, 3, 5, 181
List the prime factors of 19912.
2, 19, 131
What are the prime factors of 4637?
4637
List the prime factors of 20172.
2, 3, 41
List the prime factors of 17568.
2, 3, 61
List the prime factors of 15521.
11, 17, 83
List the prime factors of 2526.
2, 3, 421
List the prime factors of 34628.
2, 11, 787
What are the prime factors of 11937?
3, 23, 173
List the prime factors of 30812.
2, 7703
List the prime factors of 334.
2, 167
What are the prime factors of 3693?
3, 1231
List the prime factors of 6123.
3, 13, 157
What are the prime factors of 7470?
2, 3, 5, 83
List the prime factors of 1368.
2, 3, 19
List the prime factors of 126588.
2, 3, 7, 11, 137
List the prime factors of 501.
3, 167
What are the prime factors of 85739?
83, 1033
List the prime factors of 40.
2, 5
What are the prime factors of 626?
2, 313
What are the prime factors of 6162?
2, 3, 13, 79
What are the prime factors of 149?
149
What are the prime factors of 14311?
11, 1301
What are the prime factors of 36803?
13, 19, 149
List the prime factors of 2533.
17, 149
List the prime factors of 17394.
2, 3, 13, 223
List the prime factors of 62248.
2, 31, 251
List the prime factors of 1567.
1567
List the prime factors of 3521.
7, 503
List the prime factors of 94815.
3, 5, 7, 43
What are the prime factors of 964?
2, 241
List the prime factors of 14605.
5, 23, 127
List the prime factors of 6889.
83
List the prime factors of 14.
2, 7
What are the prime factors of 8764?
2, 7, 313
List the prime factors of 18596.
2, 4649
List the prime factors of 1002.
2, 3, 167
List the prime factors of 7445.
5, 1489
List the prime factors of 16630.
2, 5, 1663
List the prime factors of 9545.
5, 23, 83
List the prime factors of 67722.
2, 3, 11287
List the prime factors of 681.
3, 227
What are the prime factors of 2961?
3, 7, 47
What are the prime factors of 33928?
2, 4241
What are the prime factors of 5549?
31, 179
List the prime factors of 25874.
2, 17, 761
What are the prime factors of 405?
3, 5
What are the prime factors of 8244?
2, 3, 229
What are the prime factors of 11517?
3, 11, 349
What are the prime factors of 334?
2, 167
List the prime factors of 574.
2, 7, 41
List the prime factors of 355.
5, 71
What are the prime factors of 54430?
2, 5, 5443
What are the prime factors of 6101?
6101
List the prime factors of 67870.
2, 5, 11, 617
List the prime factors of 4642.
2, 11, 211
What are the prime factors of 813?
3, 271
List the prime factors of 1431.
3, 53
List the prime factors of 3323.
3323
What are the prime factors of 10722?
2, 3, 1787
What are the prime factors of 30548?
2, 7, 1091
List the prime factors of 9664.
2, 151
List the prime factors of 1540.
2, 5, 7, 11
What are the prime factors of 929?
929
List the prime factors of 805.
5, 7, 23
List the prime factors of 125.
5
List the prime factors of 75261.
3, 25087
What are the prime factors of 16?
2
What are the prime factors of 858?
2, 3, 11, 13
What are the prime factors of 5482?
2, 2741
What are the prime factors of 29180?
2, 5, 1459
List the prime factors of 2205.
3, 5, 7
List the prime factors of 28012.
2, 47, 149
What are the prime factors of 12099?
3, 37, 109
List the prime factors of 1123.
1123
List the prime factors of 1196.
2, 13, 23
List the prime factors of 39185.
5, 17, 461
What are the prime factors of 33696?
2, 3, 13
What are the prime factors of 2765?
5, 7, 79
What are the prime factors of 6692?
2, 7, 239
What are the prime factors of 8648?
2, 23, 47
What are the prime factors of 804?
2, 3, 67
What are the prime factors of 12651?
3, 4217
What are the prime factors of 31014?
2, 3, 1723
What are the prime factors of 3420?
2, 3, 5, 19
What are the prime factors of 41989?
199, 211
What are the prime factors of 151?
151
List the prime factors of 43854.
2, 3, 7309
What are the prime factors of 22331?
137, 163
List the prime factors of 7545.
3, 5, 503
List the prime factors of 740.
2, 5, 37
What are the prime factors of 10640?
2, 5, 7, 19
List the prime factors of 860.
2, 5, 43
List the prime factors of 1167.
3, 389
List the prime factors of 2995.
5, 599
List the prime factors of 16069.
16069
List the prime factors of 2185.
5, 19, 23
List the prime factors of 1289.
1289
What are the prime factors of 3663?
3, 11, 37
List the prime factors of 23857.
23857
List the prime factors of 538.
2, 269
List the prime factors of 14014.
2, 7, 11, 13
What are the prime factors of 2546?
2, 19, 67
What are the prime factors of 415?
5, 83
List the prime factors of 13768.
2, 1721
List the prime factors of 8539.
8539
What are the prime factors of 56644?
2, 7, 17
List the prime factors of 804.
2, 3, 67
What are the prime factors of 883?
883
What are the prime factors of 4389?
3, 7, 11, 19
List the prime factors of 39029.
31, 1259
What are the prime factors of 44930?
2, 5, 4493
List the prime factors of 1601.
1601
What are the prime factors of 1395?
3, 5, 31
What are the prime factors of 2808?
2, 3, 13
List the prime factors of 942.
2, 3, 157
What are the prime factors of 16099?
17, 947
What are the prime factors of 38895?
3, 5, 2593
List the prime factors of 3451.
7, 17, 29
List the prime factors of 44579.
44579
What are the prime factors of 1548?
2, 3, 43
What are the prime factors of 194691?
3, 7, 73, 127
What are the prime factors of 7146?
2, 3, 397
List the prime factors of 49942.
2, 24971
List the prime factors of 56169.
3, 79
List the prime factors of 4563.
3, 13
List the prime factors of 48786.
2, 3, 47, 173
List the prime factors of 39185.
5, 17, 461
What are the prime factors of 1011?
3, 337
List the prime factors of 18887.
11, 17, 101
What are the prime factors of 46341?
3, 19, 271
List the prime factors of 521.
521
List the prime factors of 61345.
5, 12269
What are the prime factors of 1629?
3, 181
What are the prime factors of 15605?
5, 3121
List the prime factors of 4074.
2, 3, 7, 97
List the prime factors of 11924.
2, 11, 